{"id":979,"date":"2018-07-03T15:32:55","date_gmt":"2018-07-03T18:32:55","guid":{"rendered":"https:\/\/iesbolivar-cba.infd.edu.ar\/sitio\/?page_id=979"},"modified":"2021-03-12T13:06:35","modified_gmt":"2021-03-12T16:06:35","slug":"biologia-2","status":"publish","type":"page","link":"https:\/\/iesbolivar-cba.infd.edu.ar\/sitio\/carreras\/biologia-2\/","title":{"rendered":"Profesorado de Educaci\u00f3n Secundaria en Biolog\u00eda"},"content":{"rendered":"<p>Un docente de Educaci\u00f3n Secundaria en Biolog\u00eda realizar\u00e1 un proceso de desarrollo personal que le permitir\u00e1 adquirir los conocimientos disciplinares propios del campo biol\u00f3gico, que se articular\u00e1n con saberes y habilidades imprescindibles para desempe\u00f1arse como profesor en la escuela secundaria: la formaci\u00f3n did\u00e1ctica, el desempe\u00f1o en espacios de producci\u00f3n y pensamiento colectivo y cooperativo, el desarrollo de buenas pr\u00e1cticas de evaluaci\u00f3n de los aprendizajes, la formaci\u00f3n para cumplir nuevas funciones en la escuela secundaria, la reflexi\u00f3n sobre la autoridad, la vida democr\u00e1tica y el respeto y la valoraci\u00f3n de la ley, el conocimiento de las distintas formas de ser joven en la actualidad, la inclusi\u00f3n de las TIC para potenciar las posibilidades de aprendizaje, la alfabetizaci\u00f3n acad\u00e9mica y la educaci\u00f3n sexual integral.<\/p>\n<h3>Plan de Estudios<br \/>\n<span style=\"font-size: 12pt;\"><span style=\"color: #003366;\"><strong>Resoluci\u00f3n Ministerial 977\/14 &#8211; <a href=\"https:\/\/dges-cba.infd.edu.ar\/sitio\/upload\/DCurricular_Biol_Fis_Quim_2015.pdf\">Dise\u00f1o Curricular para el Profesorado de Educaci\u00f3n Secundaria en Biolog\u00eda<\/a><\/strong><\/span><span style=\"color: #003366;\">\u00a0<strong>\/ <a href=\"upload\/INFO_DE_CARRERA_-_BIOLOGIA_2.pdf\">Correlatividades<\/a><\/strong><\/span><\/span><\/h3>\n<table style=\"width: 100%;\" border=\"0\" cellspacing=\"2\" cellpadding=\"2\">\n<tbody>\n<tr style=\"background-color: #f9ee9e;\">\n<td class=\"Titulo2\" style=\"background-color: #f9ee9e;\"><span style=\"color: #003366;\" data-mce-mark=\"1\"><strong>1er. a\u00f1o<\/strong><\/span><\/td>\n<\/tr>\n<\/tbody>\n<\/table>\n<table class=\"Tabla\" style=\"width: 100%;\" border=\"0\" cellspacing=\"2\" cellpadding=\"4\">\n<tbody>\n<tr style=\"background-color: #e2e2c5;\">\n<td valign=\"top\" width=\"70%\"><span style=\"color: #003366; font-size: 10pt; font-family: arial, helvetica, sans-serif;\" data-mce-mark=\"1\">Pedagog\u00eda<\/span><\/td>\n<td align=\"center\" width=\"30%\"><span style=\"color: #003366; font-size: 10pt; font-family: arial, helvetica, sans-serif;\" data-mce-mark=\"1\">4<\/span><\/td>\n<\/tr>\n<tr bgcolor=\"#f9f7ed\">\n<td valign=\"top\" width=\"70%\"><span style=\"color: #003366; font-size: 10pt; font-family: arial, helvetica, sans-serif;\" data-mce-mark=\"1\">Problem\u00e1ticas Socioantropol\u00f3gicas en Educaci\u00f3n<\/span><\/td>\n<td align=\"center\" width=\"30%\"><span style=\"color: #003366; font-size: 10pt; font-family: arial, helvetica, sans-serif;\" data-mce-mark=\"1\">3<\/span><\/td>\n<\/tr>\n<tr style=\"background-color: #e2e2c5;\">\n<td valign=\"top\" width=\"70%\"><span style=\"color: #003366; font-size: 10pt; font-family: arial, helvetica, sans-serif;\" data-mce-mark=\"1\">Lenguaje Digital y Audiovisual<\/span><\/td>\n<td align=\"center\" width=\"30%\"><span style=\"color: #003366; font-size: 10pt; font-family: arial, helvetica, sans-serif;\" data-mce-mark=\"1\">2<\/span><\/td>\n<\/tr>\n<tr bgcolor=\"#f9f7ed\">\n<td valign=\"top\" width=\"70%\"><span style=\"color: #003366; font-size: 10pt; font-family: arial, helvetica, sans-serif;\" data-mce-mark=\"1\">Pr\u00e1ctica Docente I: Contextos y Pr\u00e1cticas Educativas<\/span><\/td>\n<td align=\"center\" width=\"30%\"><span style=\"color: #003366; font-size: 10pt; font-family: arial, helvetica, sans-serif;\" data-mce-mark=\"1\">3<\/span><\/td>\n<\/tr>\n<tr style=\"background-color: #e2e2c5;\">\n<td valign=\"top\" width=\"70%\"><span style=\"color: #003366; font-size: 10pt; font-family: arial, helvetica, sans-serif;\" data-mce-mark=\"1\">Modelos Matem\u00e1ticos para las Ciencias Naturales<\/span><\/td>\n<td align=\"center\" width=\"30%\"><span style=\"color: #003366; font-size: 10pt; font-family: arial, helvetica, sans-serif;\" data-mce-mark=\"1\">4<\/span><\/td>\n<\/tr>\n<tr bgcolor=\"#f9f7ed\">\n<td valign=\"top\" width=\"70%\"><span style=\"color: #003366; font-size: 10pt; font-family: arial, helvetica, sans-serif;\" data-mce-mark=\"1\">Modelos F\u00edsicos para las Ciencias Naturales<\/span><\/td>\n<td align=\"center\" width=\"30%\"><span style=\"color: #003366; font-size: 10pt; font-family: arial, helvetica, sans-serif;\" data-mce-mark=\"1\">4<\/span><\/td>\n<\/tr>\n<tr style=\"background-color: #e2e2c5;\">\n<td valign=\"top\" width=\"70%\"><span style=\"color: #003366; font-size: 10pt; font-family: arial, helvetica, sans-serif;\" data-mce-mark=\"1\">Qu\u00edmica General<\/span><\/td>\n<td align=\"center\" width=\"30%\"><span style=\"color: #003366; font-size: 10pt; font-family: arial, helvetica, sans-serif;\" data-mce-mark=\"1\">5<\/span><\/td>\n<\/tr>\n<tr bgcolor=\"#f9f7ed\">\n<td style=\"background-color: #ffffff;\"><span style=\"color: #003366; font-size: 10pt; font-family: arial, helvetica, sans-serif;\" data-mce-mark=\"1\">Biolog\u00eda General<\/span><\/td>\n<td style=\"text-align: center; background-color: #ffffff;\"><span style=\"color: #003366; font-size: 10pt; font-family: arial, helvetica, sans-serif;\" data-mce-mark=\"1\">3<\/span><\/td>\n<\/tr>\n<tr style=\"background-color: #e2e2c5;\">\n<td valign=\"top\" width=\"70%\"><span style=\"color: #003366; font-size: 10pt; font-family: arial, helvetica, sans-serif;\" data-mce-mark=\"1\">Biolog\u00eda Celular y Molecular<\/span><\/td>\n<td align=\"center\" width=\"30%\"><span style=\"color: #003366; font-size: 10pt; font-family: arial, helvetica, sans-serif;\" data-mce-mark=\"1\">4<\/span><\/td>\n<\/tr>\n<\/tbody>\n<\/table>\n<table style=\"width: 100%;\" border=\"0\" cellspacing=\"2\" cellpadding=\"2\">\n<tbody>\n<tr style=\"background-color: #f9ee9e;\">\n<td class=\"Titulo2\" style=\"background-color: #f9ee9e;\"><span style=\"color: #003366;\" data-mce-mark=\"1\"><strong>2do. a\u00f1o<\/strong><\/span><\/td>\n<\/tr>\n<\/tbody>\n<\/table>\n<table class=\"Tabla\" style=\"width: 100%;\" border=\"0\" cellspacing=\"2\" cellpadding=\"4\">\n<tbody>\n<tr bgcolor=\"#f9f7ed\">\n<td valign=\"top\" width=\"70%\"><span style=\"font-family: arial, helvetica, sans-serif; font-size: 10pt; color: #003366;\" data-mce-mark=\"1\">Psicolog\u00eda y Educaci\u00f3n<\/span><\/td>\n<td align=\"center\" width=\"30%\"><span style=\"font-family: arial, helvetica, sans-serif; font-size: 10pt; color: #003366;\" data-mce-mark=\"1\">4<\/span><\/td>\n<\/tr>\n<tr bgcolor=\"#e2e2c5\">\n<td valign=\"top\" width=\"70%\"><span style=\"font-family: arial, helvetica, sans-serif; font-size: 10pt; color: #003366;\" data-mce-mark=\"1\">Did\u00e1ctica General<\/span><\/td>\n<td align=\"center\" width=\"30%\"><span style=\"font-family: arial, helvetica, sans-serif; font-size: 10pt; color: #003366;\" data-mce-mark=\"1\">3<\/span><\/td>\n<\/tr>\n<tr bgcolor=\"#f9f7ed\">\n<td valign=\"top\" width=\"70%\"><span style=\"font-family: arial, helvetica, sans-serif; font-size: 10pt; color: #003366;\" data-mce-mark=\"1\">Pr\u00e1ctica Docente II: Escuela, Historias Documentadas y Cotidianeidad<\/span><\/td>\n<td align=\"center\" width=\"30%\"><span style=\"font-family: arial, helvetica, sans-serif; font-size: 10pt; color: #003366;\" data-mce-mark=\"1\">4<\/span><\/td>\n<\/tr>\n<tr bgcolor=\"#e2e2c5\">\n<td valign=\"top\" width=\"70%\"><span style=\"font-family: arial, helvetica, sans-serif; font-size: 10pt; color: #003366;\" data-mce-mark=\"1\">Filosof\u00eda de las Ciencias<\/span><\/td>\n<td align=\"center\" width=\"30%\"><span style=\"font-family: arial, helvetica, sans-serif; font-size: 10pt; color: #003366;\" data-mce-mark=\"1\">3<\/span><\/td>\n<\/tr>\n<tr bgcolor=\"#f9f7ed\">\n<td valign=\"top\" width=\"70%\"><span style=\"font-family: arial, helvetica, sans-serif; font-size: 10pt; color: #003366;\" data-mce-mark=\"1\">Trabajo Experimental en Biolog\u00eda<\/span><\/td>\n<td align=\"center\" width=\"30%\"><span style=\"font-family: arial, helvetica, sans-serif; font-size: 10pt; color: #003366;\" data-mce-mark=\"1\">3<\/span><\/td>\n<\/tr>\n<tr bgcolor=\"#e2e2c5\">\n<td valign=\"top\" width=\"70%\"><span style=\"font-family: arial, helvetica, sans-serif; font-size: 10pt; color: #003366;\" data-mce-mark=\"1\">Qu\u00edmica Org\u00e1nica y Biol\u00f3gica<\/span><\/td>\n<td align=\"center\" width=\"30%\"><span style=\"font-family: arial, helvetica, sans-serif; font-size: 10pt; color: #003366;\" data-mce-mark=\"1\">4<\/span><\/td>\n<\/tr>\n<tr bgcolor=\"#f9f7ed\">\n<td valign=\"top\" width=\"70%\"><span style=\"font-family: arial, helvetica, sans-serif; font-size: 10pt; color: #003366;\" data-mce-mark=\"1\">Biolog\u00eda Animal I<\/span><\/td>\n<td align=\"center\" width=\"30%\"><span style=\"font-family: arial, helvetica, sans-serif; font-size: 10pt; color: #003366;\" data-mce-mark=\"1\">4<\/span><\/td>\n<\/tr>\n<tr bgcolor=\"#e2e2c5\">\n<td valign=\"top\" width=\"70%\"><span style=\"font-family: arial, helvetica, sans-serif; font-size: 10pt; color: #003366;\" data-mce-mark=\"1\">Biolog\u00eda de las Plantas I<\/span><\/td>\n<td align=\"center\" width=\"30%\"><span style=\"font-family: arial, helvetica, sans-serif; font-size: 10pt; color: #003366;\" data-mce-mark=\"1\">4<\/span><\/td>\n<\/tr>\n<tr bgcolor=\"#f9f7ed\">\n<td valign=\"top\" width=\"70%\"><span style=\"font-family: arial, helvetica, sans-serif; font-size: 10pt; color: #003366;\" data-mce-mark=\"1\">Biolog\u00eda de los Microorganismos y Hongos<\/span><\/td>\n<td align=\"center\" width=\"30%\"><span style=\"font-family: arial, helvetica, sans-serif; font-size: 10pt; color: #003366;\" data-mce-mark=\"1\">3<\/span><\/td>\n<\/tr>\n<\/tbody>\n<\/table>\n<table style=\"width: 100%;\" border=\"0\" cellspacing=\"2\" cellpadding=\"2\">\n<tbody>\n<tr>\n<td class=\"Titulo2\" style=\"background-color: #f9ee9e;\"><span style=\"color: #003366;\" data-mce-mark=\"1\"><strong>3\u00ba a\u00f1o<\/strong><\/span><\/td>\n<\/tr>\n<\/tbody>\n<\/table>\n<table class=\"Tabla\" style=\"width: 100%;\" border=\"0\" cellspacing=\"2\" cellpadding=\"4\">\n<tbody>\n<tr bgcolor=\"#f9f7ed\">\n<td valign=\"top\" width=\"70%\"><span style=\"color: #003366; font-family: arial, helvetica, sans-serif; font-size: 10pt;\" data-mce-mark=\"1\">Historia y Pol\u00edtica de la Educaci\u00f3n Argentina<\/span><\/td>\n<td align=\"center\" width=\"30%\"><span style=\"color: #003366; font-family: arial, helvetica, sans-serif; font-size: 10pt;\" data-mce-mark=\"1\">3<\/span><\/td>\n<\/tr>\n<tr bgcolor=\"#e2e2c5\">\n<td valign=\"top\" width=\"70%\"><span style=\"color: #003366; font-family: arial, helvetica, sans-serif; font-size: 10pt;\" data-mce-mark=\"1\">Pr\u00e1ctica Docente III: El Aula Espacio del Aprender y del Ense\u00f1ar<\/span><\/td>\n<td align=\"center\" width=\"30%\"><span style=\"color: #003366; font-family: arial, helvetica, sans-serif; font-size: 10pt;\" data-mce-mark=\"1\">5<\/span><\/td>\n<\/tr>\n<tr bgcolor=\"#f9f7ed\">\n<td valign=\"top\" width=\"70%\"><span style=\"color: #003366; font-family: arial, helvetica, sans-serif; font-size: 10pt;\" data-mce-mark=\"1\">Sujetos de la Educaci\u00f3n y ESI<\/span><\/td>\n<td align=\"center\" width=\"30%\"><span style=\"color: #003366; font-family: arial, helvetica, sans-serif; font-size: 10pt;\" data-mce-mark=\"1\">4<\/span><\/td>\n<\/tr>\n<tr bgcolor=\"#e2e2c5\">\n<td valign=\"top\" width=\"70%\"><span style=\"color: #003366; font-family: arial, helvetica, sans-serif; font-size: 10pt;\" data-mce-mark=\"1\">Did\u00e1ctica de las Ciencias Naturales\u00a0<\/span><\/td>\n<td align=\"center\" width=\"30%\"><span style=\"color: #003366; font-family: arial, helvetica, sans-serif; font-size: 10pt;\" data-mce-mark=\"1\">3<\/span><\/td>\n<\/tr>\n<tr bgcolor=\"#f9f7ed\">\n<td valign=\"top\" width=\"70%\"><span style=\"color: #003366; font-family: arial, helvetica, sans-serif; font-size: 10pt;\" data-mce-mark=\"1\">Historia y Epistemolog\u00eda de la Biolog\u00eda<\/span><\/td>\n<td align=\"center\" width=\"30%\"><span style=\"color: #003366; font-family: arial, helvetica, sans-serif; font-size: 10pt;\" data-mce-mark=\"1\">3<\/span><\/td>\n<\/tr>\n<tr bgcolor=\"#e2e2c5\">\n<td valign=\"top\" width=\"70%\"><span style=\"color: #003366; font-family: arial, helvetica, sans-serif; font-size: 10pt;\" data-mce-mark=\"1\">Biolog\u00eda Animal II<\/span><\/td>\n<td align=\"center\" width=\"30%\"><span style=\"color: #003366; font-family: arial, helvetica, sans-serif; font-size: 10pt;\" data-mce-mark=\"1\">4<\/span><\/td>\n<\/tr>\n<tr bgcolor=\"#f9f7ed\">\n<td valign=\"top\" width=\"70%\"><span style=\"color: #003366; font-family: arial, helvetica, sans-serif; font-size: 10pt;\" data-mce-mark=\"1\">Biolog\u00eda de las Plantas II<\/span><\/td>\n<td align=\"center\" width=\"30%\"><span style=\"color: #003366; font-family: arial, helvetica, sans-serif; font-size: 10pt;\" data-mce-mark=\"1\">4<\/span><\/td>\n<\/tr>\n<tr bgcolor=\"#e2e2c5\">\n<td valign=\"top\" width=\"70%\"><span style=\"color: #003366; font-family: arial, helvetica, sans-serif; font-size: 10pt;\" data-mce-mark=\"1\">Ecolog\u00eda<\/span><\/td>\n<td align=\"center\" width=\"30%\"><span style=\"color: #003366; font-family: arial, helvetica, sans-serif; font-size: 10pt;\" data-mce-mark=\"1\">4<\/span><\/td>\n<\/tr>\n<tr bgcolor=\"#f9f7ed\">\n<td valign=\"top\" width=\"70%\"><span style=\"color: #003366; font-family: arial, helvetica, sans-serif; font-size: 10pt;\" data-mce-mark=\"1\">Biolog\u00eda Humana<\/span><\/td>\n<td align=\"center\" width=\"30%\"><span style=\"color: #003366; font-family: arial, helvetica, sans-serif; font-size: 10pt;\" data-mce-mark=\"1\">5<\/span><\/td>\n<\/tr>\n<\/tbody>\n<\/table>\n<table style=\"width: 100%;\" border=\"0\" cellspacing=\"2\" cellpadding=\"2\">\n<tbody>\n<tr>\n<td class=\"Titulo2\" style=\"background-color: #f9ee9e;\"><span style=\"color: #003366;\" data-mce-mark=\"1\"><strong>4\u00ba a\u00f1o<\/strong><\/span><\/td>\n<\/tr>\n<\/tbody>\n<\/table>\n<table class=\"Tabla\" style=\"width: 100%;\" border=\"0\" cellspacing=\"2\" cellpadding=\"4\">\n<tbody>\n<tr bgcolor=\"#f9f7ed\">\n<td valign=\"top\" width=\"70%\"><span style=\"color: #003366; font-family: arial, helvetica, sans-serif; font-size: 10pt;\" data-mce-mark=\"1\">\u00c9tica y Construci\u00f3n de Ciudadan\u00eda<\/span><\/td>\n<td align=\"center\" width=\"30%\"><span style=\"color: #003366; font-family: arial, helvetica, sans-serif; font-size: 10pt;\" data-mce-mark=\"1\">3<\/span><\/td>\n<\/tr>\n<tr bgcolor=\"#e2e2c5\">\n<td valign=\"top\" width=\"70%\"><span style=\"color: #003366; font-family: arial, helvetica, sans-serif; font-size: 10pt;\" data-mce-mark=\"1\">Problem\u00e1ticas y Desaf\u00edos de la Educaci\u00f3n<\/span><\/td>\n<td align=\"center\" width=\"30%\"><span style=\"color: #003366; font-family: arial, helvetica, sans-serif; font-size: 10pt;\" data-mce-mark=\"1\">3<\/span><\/td>\n<\/tr>\n<tr bgcolor=\"#f9f7ed\">\n<td valign=\"top\" width=\"70%\"><span style=\"color: #003366; font-family: arial, helvetica, sans-serif; font-size: 10pt;\" data-mce-mark=\"1\">Pr\u00e1ctica Docente IV y Residencia<\/span><\/td>\n<td align=\"center\" width=\"30%\"><span style=\"color: #003366; font-family: arial, helvetica, sans-serif; font-size: 10pt;\" data-mce-mark=\"1\">8<\/span><\/td>\n<\/tr>\n<tr bgcolor=\"#e2e2c5\">\n<td valign=\"top\" width=\"70%\"><span style=\"color: #003366; font-family: arial, helvetica, sans-serif; font-size: 10pt;\" data-mce-mark=\"1\">Did\u00e1ctica de las Ciencias Naturales: Biolog\u00eda<\/span><\/td>\n<td align=\"center\" width=\"30%\"><span style=\"color: #003366; font-family: arial, helvetica, sans-serif; font-size: 10pt;\" data-mce-mark=\"1\">4<\/span><\/td>\n<\/tr>\n<tr bgcolor=\"#f9f7ed\">\n<td valign=\"top\" width=\"70%\"><span style=\"color: #003366; font-family: arial, helvetica, sans-serif; font-size: 10pt;\" data-mce-mark=\"1\">Gen\u00e9tica y Biotecnolog\u00eda<\/span><\/td>\n<td align=\"center\" width=\"30%\"><span style=\"color: #003366; font-family: arial, helvetica, sans-serif; font-size: 10pt;\" data-mce-mark=\"1\">4<\/span><\/td>\n<\/tr>\n<tr bgcolor=\"#e2e2c5\">\n<td valign=\"top\" width=\"70%\"><span style=\"color: #003366; font-family: arial, helvetica, sans-serif; font-size: 10pt;\" data-mce-mark=\"1\">Historia de la Vida en la Tierra y Procesos Evolutivos<\/span><\/td>\n<td align=\"center\" width=\"30%\"><span style=\"color: #003366; font-family: arial, helvetica, sans-serif; font-size: 10pt;\" data-mce-mark=\"1\">3<\/span><\/td>\n<\/tr>\n<tr bgcolor=\"#f9f7ed\">\n<td valign=\"top\" width=\"70%\"><span style=\"color: #003366; font-family: arial, helvetica, sans-serif; font-size: 10pt;\" data-mce-mark=\"1\">Educaci\u00f3n Ambiental<\/span><\/td>\n<td align=\"center\" width=\"30%\"><span style=\"color: #003366; font-family: arial, helvetica, sans-serif; font-size: 10pt;\" data-mce-mark=\"1\">3<\/span><\/td>\n<\/tr>\n<tr bgcolor=\"#e2e2c5\">\n<td valign=\"top\" width=\"70%\"><span style=\"color: #003366; font-family: arial, helvetica, sans-serif; font-size: 10pt;\" data-mce-mark=\"1\">Biolog\u00eda Humana y Salud<\/span><\/td>\n<td align=\"center\" width=\"30%\"><span style=\"color: #003366; font-family: arial, helvetica, sans-serif; font-size: 10pt;\" data-mce-mark=\"1\">3<\/span><\/td>\n<\/tr>\n<\/tbody>\n<\/table>\n<p style=\"text-align: right;\">\n","protected":false},"excerpt":{"rendered":"<p>Un docente de Educaci\u00f3n Secundaria en Biolog\u00eda realizar\u00e1 un proceso de desarrollo personal que le permitir\u00e1 adquirir los conocimientos disciplinares propios del campo biol\u00f3gico, que se articular\u00e1n con saberes y habilidades imprescindibles para desempe\u00f1arse como profesor en la escuela secundaria: la formaci\u00f3n did\u00e1ctica, el desempe\u00f1o en espacios de producci\u00f3n y pensamiento colectivo y cooperativo, el &#8230; <a title=\"Profesorado de Educaci\u00f3n Secundaria en Biolog\u00eda\" class=\"read-more\" href=\"https:\/\/iesbolivar-cba.infd.edu.ar\/sitio\/carreras\/biologia-2\/\" aria-label=\"More on Profesorado de Educaci\u00f3n Secundaria en Biolog\u00eda\">[+]<\/a><\/p>\n","protected":false},"author":3377,"featured_media":0,"parent":919,"menu_order":0,"comment_status":"closed","ping_status":"closed","template":"","meta":[],"acf":[],"_links":{"self":[{"href":"https:\/\/iesbolivar-cba.infd.edu.ar\/sitio\/wp-json\/wp\/v2\/pages\/979"}],"collection":[{"href":"https:\/\/iesbolivar-cba.infd.edu.ar\/sitio\/wp-json\/wp\/v2\/pages"}],"about":[{"href":"https:\/\/iesbolivar-cba.infd.edu.ar\/sitio\/wp-json\/wp\/v2\/types\/page"}],"author":[{"embeddable":true,"href":"https:\/\/iesbolivar-cba.infd.edu.ar\/sitio\/wp-json\/wp\/v2\/users\/3377"}],"replies":[{"embeddable":true,"href":"https:\/\/iesbolivar-cba.infd.edu.ar\/sitio\/wp-json\/wp\/v2\/comments?post=979"}],"version-history":[{"count":16,"href":"https:\/\/iesbolivar-cba.infd.edu.ar\/sitio\/wp-json\/wp\/v2\/pages\/979\/revisions"}],"predecessor-version":[{"id":2692,"href":"https:\/\/iesbolivar-cba.infd.edu.ar\/sitio\/wp-json\/wp\/v2\/pages\/979\/revisions\/2692"}],"up":[{"embeddable":true,"href":"https:\/\/iesbolivar-cba.infd.edu.ar\/sitio\/wp-json\/wp\/v2\/pages\/919"}],"wp:attachment":[{"href":"https:\/\/iesbolivar-cba.infd.edu.ar\/sitio\/wp-json\/wp\/v2\/media?parent=979"}],"curies":[{"name":"wp","href":"https:\/\/api.w.org\/{rel}","templated":true}]}}