{"id":4545,"date":"2025-09-22T19:41:53","date_gmt":"2025-09-22T22:41:53","guid":{"rendered":"https:\/\/iesbolivar-cba.infd.edu.ar\/sitio\/?page_id=4545"},"modified":"2025-11-07T14:07:01","modified_gmt":"2025-11-07T17:07:01","slug":"ingreso-2026","status":"publish","type":"page","link":"https:\/\/iesbolivar-cba.infd.edu.ar\/sitio\/ingreso-2026\/","title":{"rendered":"Ingreso 2026"},"content":{"rendered":"<div class=\"wp-block-image is-style-default\">\n<figure class=\"aligncenter size-medium is-resized\"><img decoding=\"async\" loading=\"lazy\" src=\"https:\/\/iesbolivar-cba.infd.edu.ar\/sitio\/wp-content\/uploads\/2025\/11\/preinscripones-2026-2-1-707x1000.png\" alt=\"\" class=\"wp-image-4570\" width=\"600\" height=\"800\"\/><\/figure><\/div>\n\n\n<figure class=\"wp-block-gallery has-nested-images columns-default is-cropped wp-block-gallery-1 is-layout-flex\">\n<figure class=\"wp-block-image size-medium\"><img decoding=\"async\" loading=\"lazy\" width=\"1000\" height=\"447\" data-id=\"4582\"  src=\"https:\/\/iesbolivar-cba.infd.edu.ar\/sitio\/wp-content\/uploads\/2025\/11\/preinscripcion-cartel-1000x447.png\" alt=\"\" class=\"wp-image-4582\" srcset=\"https:\/\/iesbolivar-cba.infd.edu.ar\/sitio\/wp-content\/uploads\/2025\/11\/preinscripcion-cartel-1000x447.png 1000w, https:\/\/iesbolivar-cba.infd.edu.ar\/sitio\/wp-content\/uploads\/2025\/11\/preinscripcion-cartel-768x344.png 768w, https:\/\/iesbolivar-cba.infd.edu.ar\/sitio\/wp-content\/uploads\/2025\/11\/preinscripcion-cartel.png 1082w\" sizes=\"(max-width: 1000px) 100vw, 1000px\" \/><\/figure>\n<\/figure>\n\n\n\n<p> <p class=\"MsoNormal\" style=\"margin-bottom: 15pt; background-image: initial; background-position: initial; background-size: initial; background-repeat: initial; background-attachment: initial; background-origin: initial; background-clip: initial;\"><b><span style=\"font-size: 25.5pt; font-family: Arial, sans-serif;\">PRE INSCRIPCIONES<\/span><\/b><\/p> <p class=\"MsoNormal\" style=\"margin-bottom: 0.0001pt; line-height: normal; background-image: initial; background-position: initial; background-size: initial; background-repeat: initial; background-attachment: initial; background-origin: initial; background-clip: initial;\"><span style=\"font-size: 13pt; font-family: Arial, sans-serif; border: 1pt none windowtext; padding: 0cm;\">Las pre-matriculaciones de aspirantes a las carreras que dicta el IES Sim\u00f3n Bol\u00edvar se llevan a cabo entre octubre y diciembre de cada a\u00f1o y se informan por la p\u00e1gina web. El procedimiento y los requisitos para pre inscribirse es el siguiente.\u00a0<\/span><span style=\"font-size: 13pt; font-family: Arial, sans-serif;\"><\/span><\/p> <p class=\"MsoNormal\" style=\"margin-bottom: 0.0001pt; background-image: initial; background-position: initial; background-size: initial; background-repeat: initial; background-attachment: initial; background-origin: initial; background-clip: initial;\"><b><span style=\"font-size:24.0pt;\nfont-family:&quot;Arial&quot;,sans-serif;mso-fareast-font-family:&quot;Times New Roman&quot;;\ncolor:#FF6600;border:none windowtext 1.0pt;mso-border-alt:none windowtext 0cm;\npadding:0cm;mso-ansi-language:ES-MX;mso-fareast-language:ES-MX\">Procedimiento de pre-matriculaci\u00f3n<\/span><span style=\"font-size: 24pt; font-family: Arial, sans-serif;\"><\/span><\/b><\/p> <p class=\"MsoNormal\" style=\"margin-bottom: 0.0001pt; line-height: normal; background-image: initial; background-position: initial; background-size: initial; background-repeat: initial; background-attachment: initial; background-origin: initial; background-clip: initial;\"><span style=\"font-size: 13pt; font-family: Arial, sans-serif; border: 1pt none windowtext; padding: 0cm;\">El\u00a0<b>procedimiento<\/b>\u00a0de pre matriculaci\u00f3n de aspirantes consta de\u00a0<\/span><b><span style=\"font-size: 13pt; font-family: Arial, sans-serif;\">dos pasos,\u00a0<\/span><\/b><span style=\"font-size: 13pt; font-family: Arial, sans-serif;\">ambos de car\u00e1cter obligatorio y excluyentes<b>:<\/b><\/span><\/p> <p class=\"MsoNormal\" style=\"margin: 0cm 0cm 0.0001pt 36pt; text-indent: -18pt; line-height: normal; background-image: initial; background-position: initial; background-size: initial; background-repeat: initial; background-attachment: initial; background-origin: initial; background-clip: initial;\"><span style=\"font-size: 13pt; font-family: Arial, sans-serif;\">1.<span style=\"font-variant-numeric: normal; font-variant-east-asian: normal; font-variant-alternates: normal; font-size-adjust: none; font-kerning: auto; font-optical-sizing: auto; font-feature-settings: normal; font-variation-settings: normal; font-variant-position: normal; font-variant-emoji: normal; font-stretch: normal; font-size: 7pt; line-height: normal; font-family: &quot;Times New Roman&quot;;\">\u00a0\u00a0\u00a0 <\/span><\/span><span style=\"font-size: 13pt; font-family: Arial, sans-serif; border: 1pt none windowtext; padding: 0cm;\">En el primer paso, los aspirantes deben completar virtualmente su pre matriculaci\u00f3n en la\u00a0<b>Plataforma Ciudadano<\/b>\u00a0<b>Digital (CIDI) del Ministerio de Educaci\u00f3n (<\/b>ver instrucciones m\u00e1s abajo).<\/span><span style=\"font-size: 13pt; font-family: Arial, sans-serif;\"><\/span><\/p> <p class=\"MsoNormal\" style=\"margin: 0cm 0cm 0.0001pt 36pt; text-indent: -18pt; line-height: normal; background-image: initial; background-position: initial; background-size: initial; background-repeat: initial; background-attachment: initial; background-origin: initial; background-clip: initial;\"><span style=\"font-size: 13pt; font-family: Arial, sans-serif;\">2.<span style=\"font-variant-numeric: normal; font-variant-east-asian: normal; font-variant-alternates: normal; font-size-adjust: none; font-kerning: auto; font-optical-sizing: auto; font-feature-settings: normal; font-variation-settings: normal; font-variant-position: normal; font-variant-emoji: normal; font-stretch: normal; font-size: 7pt; line-height: normal; font-family: &quot;Times New Roman&quot;;\">\u00a0\u00a0\u00a0 <\/span><\/span><span style=\"font-size: 13pt; font-family: Arial, sans-serif; border: 1pt none windowtext; padding: 0cm;\">En el segundo paso, el aspirante debe confirmar personalmente su\u00a0<\/span><span style=\"font-size: 12pt; font-family: Arial, sans-serif; border: 1pt none windowtext; padding: 0cm;\">pre matriculaci\u00f3n y presentar la constancia digital emitida por la Plataforma Ciudadano Digital (puede ser una captura de pantalla, foto o archivo descargado en el celular).\u00a0<i>No se considerar\u00e1n los tr\u00e1mites de pre matriculaci\u00f3n que no hayan cumplido con estos pasos en tiempo y forma. \u00e7<\/i><\/span><span style=\"font-size: 13pt; font-family: Arial, sans-serif;\"><\/span><\/p> <p class=\"MsoNormal\" style=\"margin-bottom: 15pt; background-image: initial; background-position: initial; background-size: initial; background-repeat: initial; background-attachment: initial; background-origin: initial; background-clip: initial;\"><b><span style=\"font-size:24.0pt;\nfont-family:&quot;Arial&quot;,sans-serif;mso-fareast-font-family:&quot;Times New Roman&quot;;\ncolor:#FF6600;mso-ansi-language:ES-MX;mso-fareast-language:ES-MX\">Primer paso: pre matriculaci\u00f3n virtual en CIDI<\/span><span style=\"font-size: 24pt; font-family: Arial, sans-serif;\"><\/span><\/b><\/p> <p class=\"MsoNormal\" style=\"margin-bottom: 0.0001pt; line-height: normal; background-image: initial; background-position: initial; background-size: initial; background-repeat: initial; background-attachment: initial; background-origin: initial; background-clip: initial;\"><span style=\"font-size: 13pt; font-family: Arial, sans-serif; border: 1pt none windowtext; padding: 0cm;\">Para completar la pre matricular\u00edan virtual debe acceder al sitio de\u00a0<b><i>Gesti\u00f3n de Estudiantes<\/i>\u00a0<i>del Ministerio de Educaci\u00f3n<\/i><\/b>\u00a0haciendo clic\u00a0<\/span><span style=\"font-size: 13pt; font-family: Arial, sans-serif;\"><a href=\"https:\/\/www.cba.gov.ar\/gestion-estudiantes\/\"><b><span style=\"border: 1pt none windowtext; padding: 0cm;\">aqu\u00ed,\u00a0<\/span><\/b><\/a>seleccionar la opci\u00f3n\u00a0<b><span style=\"border:none windowtext 1.0pt;mso-border-alt:none windowtext 0cm;\npadding:0cm\">\u00abPre matricula \u2013 Nivel Superior\u00bb\u00a0<\/span><\/b>y elegir el instituto y la carrera en que se inscribe<b><span style=\"border:none windowtext 1.0pt;\nmso-border-alt:none windowtext 0cm;padding:0cm\">.<\/span><\/b><\/span><\/p> <p class=\"MsoNormal\" style=\"margin-bottom: 18pt; line-height: normal; background-image: initial; background-position: initial; background-size: initial; background-repeat: initial; background-attachment: initial; background-origin: initial; background-clip: initial;\"><\/p> <\/p>\n\n\n\n<figure class=\"wp-block-image size-full is-resized is-style-default\"><img decoding=\"async\" loading=\"lazy\" src=\"https:\/\/iesbolivar-cba.infd.edu.ar\/sitio\/wp-content\/uploads\/2025\/11\/image.png\" alt=\"\" class=\"wp-image-4564\" width=\"600\" height=\"484\"\/><\/figure>\n\n\n\n<p><p class=\"MsoNormal\" style=\"margin-bottom: 0.0001pt; line-height: normal; background-image: initial; background-position: initial; background-size: initial; background-repeat: initial; background-attachment: initial; background-origin: initial; background-clip: initial;\"><span style=\"font-size: 13pt; font-family: Arial, sans-serif;\">Al hacer este tr\u00e1mite, y ante cualquier duda, tenga en cuenta que tanto el IES Sim\u00f3n Bol\u00edvar como la sede Anexo de Barrio Villa del Libertador (donde se dicta el\u00a0<\/span><span style=\"font-size:13.0pt;\nfont-family:&quot;Arial&quot;,sans-serif;mso-fareast-font-family:&quot;Times New Roman&quot;;\ncolor:black;border:none windowtext 1.0pt;mso-border-alt:none windowtext 0cm;\npadding:0cm;mso-ansi-language:ES-MX;mso-fareast-language:ES-MX\">Profesorado de Educaci\u00f3n Secundaria en Lengua y Literatura) se identifican en la plataforma de pre matriculaci\u00f3n con \u00abC<\/span><span style=\"font-size: 13pt; font-family: Arial, sans-serif;\">\u00f3digos de Empresa\u00bb:<\/span><\/p> <ul style=\"margin-top:0cm\" type=\"disc\">  <li class=\"MsoNormal\" style=\"margin-bottom: 0.0001pt; line-height: normal; background-image: initial; background-position: initial; background-size: initial; background-repeat: initial; background-attachment: initial; background-origin: initial; background-clip: initial;\"><b><span style=\"font-size:13.0pt;font-family:&quot;Arial&quot;,sans-serif;\n     mso-fareast-font-family:&quot;Times New Roman&quot;;border:none windowtext 1.0pt;\n     mso-border-alt:none windowtext 0cm;padding:0cm;mso-ansi-language:ES-MX;\n     mso-fareast-language:ES-MX\">EE0330018<\/span><\/b><span style=\"font-size:\n     13.0pt;font-family:&quot;Arial&quot;,sans-serif;mso-fareast-font-family:&quot;Times New Roman&quot;;\n     mso-ansi-language:ES-MX;mso-fareast-language:ES-MX\">, para el INSTITUTO DE      ENSE\u00d1ANZA SUPERIOR SIM\u00d3N BOL\u00cdVAR<\/span><\/li>  <li class=\"MsoNormal\" style=\"margin-bottom: 0.0001pt; line-height: normal; background-image: initial; background-position: initial; background-size: initial; background-repeat: initial; background-attachment: initial; background-origin: initial; background-clip: initial;\"><span style=\"font-size:13.0pt;font-family:&quot;Arial&quot;,sans-serif;\n     mso-fareast-font-family:&quot;Times New Roman&quot;;mso-ansi-language:ES-MX;\n     mso-fareast-language:ES-MX\">y\u00a0<b><span style=\"border:none windowtext 1.0pt;\n     mso-border-alt:none windowtext 0cm;padding:0cm\">EE0310176<\/span><\/b>, para      el INSTITUTO DE ENSE\u00d1ANZA SUPERIOR SIM\u00d3N BOL\u00cdVAR ANEXO \u2013 VILLA LIBERTADOR.<\/span><\/li> <\/ul> <p class=\"MsoNormal\" style=\"margin-bottom: 0.0001pt; line-height: normal; background-image: initial; background-position: initial; background-size: initial; background-repeat: initial; background-attachment: initial; background-origin: initial; background-clip: initial;\"><span style=\"font-size: 13pt; font-family: Arial, sans-serif; border: 1pt none windowtext; padding: 0cm;\">Adem\u00e1s, tenga en cuenta que:<\/span><span style=\"font-size: 13pt; font-family: Arial, sans-serif;\"><\/span><\/p> <ul style=\"margin-top:0cm\" type=\"disc\">  <li class=\"MsoNormal\" style=\"margin-bottom: 0.0001pt; line-height: normal; background-image: initial; background-position: initial; background-size: initial; background-repeat: initial; background-attachment: initial; background-origin: initial; background-clip: initial;\"><span style=\"font-size:13.0pt;font-family:&quot;Arial&quot;,sans-serif;\n     mso-fareast-font-family:&quot;Times New Roman&quot;;border:none windowtext 1.0pt;\n     mso-border-alt:none windowtext 0cm;padding:0cm;mso-ansi-language:ES-MX;\n     mso-fareast-language:ES-MX\">1) para ingresar al sitio de pre matriculaci\u00f3n      debe utilizar su usuario de Ciudadano Digital (CIDI), que consiste en su      n\u00famero de CUIL y su clave personal. Si a\u00fan no tiene un usuario ni clave en      CIDI siga las instrucciones que se detallan en esta p\u00e1gina >><\/span><span style=\"font-size:13.0pt;font-family:&quot;Arial&quot;,sans-serif;mso-fareast-font-family:\n     &quot;Times New Roman&quot;;mso-ansi-language:ES-MX;mso-fareast-language:ES-MX\"><a href=\"https:\/\/iesbolivar-cba.infd.edu.ar\/sitio\/como-crear-una-cuenta-en-ciudadano-digital\/\"><span style=\"border: 1pt none windowtext; padding: 0cm;\">\u00a0acceder<\/span><\/a><span style=\"border:none windowtext 1.0pt;\n     mso-border-alt:none windowtext 0cm;padding:0cm\">.<\/span><\/span><\/li>  <li class=\"MsoNormal\" style=\"margin-bottom: 0.0001pt; line-height: normal; background-image: initial; background-position: initial; background-size: initial; background-repeat: initial; background-attachment: initial; background-origin: initial; background-clip: initial;\"><span style=\"font-size:13.0pt;font-family:&quot;Arial&quot;,sans-serif;\n     mso-fareast-font-family:&quot;Times New Roman&quot;;border:none windowtext 1.0pt;\n     mso-border-alt:none windowtext 0cm;padding:0cm;mso-ansi-language:ES-MX;\n     mso-fareast-language:ES-MX\">2) Una vez que haya ingresado al sitio de pre      matriculaci\u00f3n, siga los pasos que se muestran en el siguiente instructivo      publicado a continuaci\u00f3n.<\/span><span style=\"font-size:13.0pt;font-family:\n     &quot;Arial&quot;,sans-serif;mso-fareast-font-family:&quot;Times New Roman&quot;;mso-ansi-language:\n     ES-MX;mso-fareast-language:ES-MX\"><\/span><\/li>  <li class=\"MsoNormal\" style=\"margin-bottom: 0.0001pt; line-height: normal; background-image: initial; background-position: initial; background-size: initial; background-repeat: initial; background-attachment: initial; background-origin: initial; background-clip: initial;\"><span style=\"font-size:13.0pt;font-family:&quot;Arial&quot;,sans-serif;\n     mso-fareast-font-family:&quot;Times New Roman&quot;;border:none windowtext 1.0pt;\n     mso-border-alt:none windowtext 0cm;padding:0cm;mso-ansi-language:ES-MX;\n     mso-fareast-language:ES-MX\">3) Finalmente, deber\u00e1 imprimir, descargar o      tomar una fotograf\u00eda de la pantalla donde se visualice claramente la      constancia de preinscripci\u00f3n emitida por el sistema. Si tiene dudas puede      consultar este >><a href=\"https:\/\/www.cba.gov.ar\/wp-content\/4p96humuzp\/2015\/02\/400-Superior-Prematriculaci%C3%B3n-Aspirantes.pdf\">\u00a0instructivo<\/a>.<\/span><span style=\"font-size:13.0pt;font-family:&quot;Arial&quot;,sans-serif;mso-fareast-font-family:\n     &quot;Times New Roman&quot;;mso-ansi-language:ES-MX;mso-fareast-language:ES-MX\"><\/span><\/li> <\/ul> <p class=\"MsoNormal\" style=\"margin-bottom: 0.0001pt; background-image: initial; background-position: initial; background-size: initial; background-repeat: initial; background-attachment: initial; background-origin: initial; background-clip: initial;\"><b><span style=\"font-size:24.0pt;\nfont-family:&quot;Arial&quot;,sans-serif;mso-fareast-font-family:&quot;Times New Roman&quot;;\ncolor:#FF6600;border:none windowtext 1.0pt;mso-border-alt:none windowtext 0cm;\npadding:0cm;mso-ansi-language:ES-MX;mso-fareast-language:ES-MX\">Segundo paso: confirmar la prematriculaci\u00f3n\u00a0<\/span><span style=\"font-size: 24pt; font-family: Arial, sans-serif;\"><\/span><\/b><\/p> <p class=\"MsoNormal\" style=\"margin-bottom: 0.0001pt; line-height: normal; background-image: initial; background-position: initial; background-size: initial; background-repeat: initial; background-attachment: initial; background-origin: initial; background-clip: initial;\"><span style=\"font-size: 13pt; font-family: Arial, sans-serif; border: 1pt none windowtext; padding: 0cm;\">Una vez realizada la prematriculaci\u00f3n en CIDI, deber\u00e1 confirmar personalmente su prematriculaci\u00f3n<\/span><b><span style=\"font-size:12.0pt;font-family:&quot;Arial&quot;,sans-serif;mso-fareast-font-family:\n&quot;Times New Roman&quot;;color:red;border:none windowtext 1.0pt;mso-border-alt:none windowtext 0cm;\npadding:0cm;mso-ansi-language:ES-MX;mso-fareast-language:ES-MX\">,<\/span><\/b><span style=\"font-size:13.0pt;font-family:&quot;Arial&quot;,sans-serif;mso-fareast-font-family:\n&quot;Times New Roman&quot;;color:red;border:none windowtext 1.0pt;mso-border-alt:none windowtext 0cm;\npadding:0cm;mso-ansi-language:ES-MX;mso-fareast-language:ES-MX\">\u00a0<\/span><span style=\"font-size: 13pt; font-family: Arial, sans-serif; border: 1pt none windowtext; padding: 0cm;\">presentando una foto digital o una captura de pantalla del celular de la\u00a0<b>constancia de prematriculaci\u00f3n<\/b>\u00a0emitida por la plataforma Ciudadano Digital.\u00a0La presentaci\u00f3n de esta constancia se realiza en la sede central del IES Sim\u00f3n Bol\u00edvar, ubicada en Agust\u00edn Garz\u00f3n 1255, Barrio San Vicente.\u00a0<\/span><span style=\"font-size: 13pt; font-family: Arial, sans-serif;\"><\/span><\/p> <p class=\"MsoNormal\" style=\"margin-bottom: 0.0001pt; line-height: normal; background-image: initial; background-position: initial; background-size: initial; background-repeat: initial; background-attachment: initial; background-origin: initial; background-clip: initial;\"><span style=\"font-size: 13pt; font-family: Arial, sans-serif; border: 1pt none windowtext; padding: 0cm;\">Adem\u00e1s, tenga en cuenta que al momento de presentar personalmente la constancia digital de prematriculaci\u00f3n en la sede del Instituto, deber\u00e1:<\/span><span style=\"font-size: 13pt; font-family: Arial, sans-serif;\"><\/span><\/p> <p class=\"MsoNormal\" style=\"margin-bottom: 0.0001pt; line-height: normal; background-image: initial; background-position: initial; background-size: initial; background-repeat: initial; background-attachment: initial; background-origin: initial; background-clip: initial;\"><span style=\"font-size: 13pt; font-family: Arial, sans-serif; border: 1pt none windowtext; padding: 0cm;\">a) completar el\u00a0<b>Formulario electr\u00f3nico de Pre Matriculaci\u00f3n\u00a0<\/b>con sus datos personales (reiteramos, este formulario se completa en la sede del Instituto), b) y abonar el costo de la matr\u00edcula (monto a confirmar).<\/span><span style=\"font-size: 13pt; font-family: Arial, sans-serif;\"><\/span><\/p> <b><span style=\"font-size:24.0pt;line-height:107%;font-family:&quot;Arial&quot;,sans-serif;\nmso-fareast-font-family:&quot;Times New Roman&quot;;color:#FF6600;border:none windowtext 1.0pt;\nmso-border-alt:none windowtext 0cm;padding:0cm;mso-ansi-language:ES-MX;\nmso-fareast-language:ES-MX;mso-bidi-language:AR-SA\">  <\/span><\/b><\/p>\n","protected":false},"excerpt":{"rendered":"<p>PRE INSCRIPCIONES Las pre-matriculaciones de aspirantes a las carreras que dicta el IES Sim\u00f3n Bol\u00edvar se llevan a cabo entre octubre y diciembre de cada a\u00f1o y se informan por la p\u00e1gina web. El procedimiento y los requisitos para pre inscribirse es el siguiente.\u00a0 Procedimiento de pre-matriculaci\u00f3n El\u00a0procedimiento\u00a0de pre matriculaci\u00f3n de aspirantes consta de\u00a0dos pasos,\u00a0ambos &#8230; <a title=\"Ingreso 2026\" class=\"read-more\" href=\"https:\/\/iesbolivar-cba.infd.edu.ar\/sitio\/ingreso-2026\/\" aria-label=\"More on Ingreso 2026\">[+]<\/a><\/p>\n","protected":false},"author":3377,"featured_media":0,"parent":0,"menu_order":0,"comment_status":"closed","ping_status":"closed","template":"","meta":[],"acf":[],"_links":{"self":[{"href":"https:\/\/iesbolivar-cba.infd.edu.ar\/sitio\/wp-json\/wp\/v2\/pages\/4545"}],"collection":[{"href":"https:\/\/iesbolivar-cba.infd.edu.ar\/sitio\/wp-json\/wp\/v2\/pages"}],"about":[{"href":"https:\/\/iesbolivar-cba.infd.edu.ar\/sitio\/wp-json\/wp\/v2\/types\/page"}],"author":[{"embeddable":true,"href":"https:\/\/iesbolivar-cba.infd.edu.ar\/sitio\/wp-json\/wp\/v2\/users\/3377"}],"replies":[{"embeddable":true,"href":"https:\/\/iesbolivar-cba.infd.edu.ar\/sitio\/wp-json\/wp\/v2\/comments?post=4545"}],"version-history":[{"count":4,"href":"https:\/\/iesbolivar-cba.infd.edu.ar\/sitio\/wp-json\/wp\/v2\/pages\/4545\/revisions"}],"predecessor-version":[{"id":4583,"href":"https:\/\/iesbolivar-cba.infd.edu.ar\/sitio\/wp-json\/wp\/v2\/pages\/4545\/revisions\/4583"}],"wp:attachment":[{"href":"https:\/\/iesbolivar-cba.infd.edu.ar\/sitio\/wp-json\/wp\/v2\/media?parent=4545"}],"curies":[{"name":"wp","href":"https:\/\/api.w.org\/{rel}","templated":true}]}}