{"id":2466,"date":"2020-08-06T12:29:16","date_gmt":"2020-08-06T15:29:16","guid":{"rendered":"https:\/\/iesbolivar-cba.infd.edu.ar\/sitio\/?page_id=2466"},"modified":"2025-08-18T20:06:44","modified_gmt":"2025-08-18T23:06:44","slug":"publicaciones","status":"publish","type":"page","link":"https:\/\/iesbolivar-cba.infd.edu.ar\/sitio\/publicaciones\/","title":{"rendered":"Publicaciones"},"content":{"rendered":"\n<h2 class=\"wp-block-heading\"><span style=\"color: #9ac980;\"><span style=\"color: #9ac980;\">Im\u00e1genes y memoria. IntervenciLa Modalidad Combinada en la Formaci\u00f3n Docente: An\u00e1lisis de Contextos<\/span><\/span><\/h2>\n\n\n\n<p><strong>Dar\u00edo Mart\u00edn Genovese<\/strong><\/p>\n\n\n\n<p>Instituto de Ense\u00f1anza Superior Sim\u00f3n Bol\u00edvar, C\u00f3rdoba, Argentina<\/p>\n\n\n\n<figure class=\"wp-block-image size-full\"><img decoding=\"async\" loading=\"lazy\" width=\"342\" height=\"456\" src=\"https:\/\/iesbolivar-cba.infd.edu.ar\/sitio\/wp-content\/uploads\/2025\/08\/publicacion-dario-1-1.png\" alt=\"\" class=\"wp-image-4510\"\/><\/figure>\n\n\n\n<p>Para visualizar la publicaci\u00f3n presione <a href=\"https:\/\/revistas.unc.edu.ar\/index.php\/revistaadbia\/article\/view\/48001\" target=\"_blank\" rel=\"noreferrer noopener\">aqu\u00ed<\/a>.<\/p>\n\n\n\n<h2 class=\"wp-block-heading\"><span style=\"color: #9ac980;\"><span style=\"color: #9ac980;\">Im\u00e1genes y memoria. Intervenciones en el aula de nivel superior a partir de un recorrido por La Perla<\/span><\/span><\/h2>\n\n\n\n<p>Art\u00edculo realizado por las profesoras <strong>Mar\u00eda Fernanda Libro<\/strong> y <strong>Mar\u00eda P\u00eda Otero<\/strong> publicado en la <em>Revista EFI<\/em> (Vol. 11, N.\u00ba 19, julio 2025)<\/p>\n\n\n\n<figure class=\"wp-block-image size-full\"><a href=\"https:\/\/dges-cba.edu.ar\/wp\/wp-content\/uploads\/2025\/08\/RevistaEFI_Vol_11_N_19_v4.pdf\" target=\"_blank\" rel=\"noreferrer noopener\"><img decoding=\"async\" loading=\"lazy\" width=\"592\" height=\"825\" src=\"https:\/\/iesbolivar-cba.infd.edu.ar\/sitio\/wp-content\/uploads\/2025\/08\/imagen-portada-libro-y-otero-2.png\" alt=\"\" class=\"wp-image-4502\"\/><\/a><\/figure>\n\n\n\n<p>Para visaulizar la publicaci\u00f3n <a rel=\"noreferrer noopener\" href=\"https:\/\/dges-cba.edu.ar\/wp\/wp-content\/uploads\/2025\/08\/RevistaEFI_Vol_11_N_19_v4.pdf\" target=\"_blank\">aqu\u00ed<\/a>.<\/p>\n\n\n\n<h2 class=\"wp-block-heading\"><span style=\"color: #9ac980;\"><span style=\"color: #9ac980;\">Dossier de Ortograf\u00eda y Puntuaci\u00f3n<\/span><\/span><\/h2>\n\n\n\n<p>Para visualizar y descargar el material presione&nbsp;<a href=\"https:\/\/drive.google.com\/file\/d\/1Y0F77d5eWv_prwqXJi_VCl-4J0V8_dWb\/view?usp=drive_link\" target=\"_blank\" rel=\"noreferrer noopener\">aqu\u00ed<\/a>.<\/p>\n\n\n\n<figure class=\"wp-block-image size-full\"><img decoding=\"async\" loading=\"lazy\" width=\"255\" height=\"352\" src=\"https:\/\/iesbolivar-cba.infd.edu.ar\/sitio\/wp-content\/uploads\/2025\/05\/dossier.png\" alt=\"\" class=\"wp-image-4473\"\/><\/figure>\n\n\n\n<h2 class=\"wp-block-heading\"><span style=\"color: #9ac980;\"><span style=\"color: #9ac980;\">Memorias del I Congreso Provincial de Institutos de Formaci\u00f3n Docente \u201cLos desaf\u00edos de la Formaci\u00f3n Docente Inicial: escenarios de resignificaci\u00f3n de las pr\u00e1cticas\u201d<\/span><\/span><\/h2>\n\n\n\n<p>El I Congreso Provincial de Institutos de Formaci\u00f3n Docente en C\u00f3rdoba, Argentina, fue un evento para repensar la educaci\u00f3n en la provincia. Reuni\u00f3 a docentes, investigadores, autoridades y especialistas para reimaginar la formaci\u00f3n docente y la pr\u00e1ctica educativa en el siglo XXI. El congreso se centr\u00f3 en dos ejes principales: a) La formaci\u00f3n docente en la modalidad combinada y b) el an\u00e1lisis de las pr\u00e1cticas docentes. Las Memorias del Congreso recopilan las intervenciones, ponencias y conferencias que tuvieron lugar durante el evento.<\/p>\n\n\n\n<p>Para visualizar y descargar las memorias <a href=\"https:\/\/drive.google.com\/file\/d\/1xUK6vdLIm-K9-pZYCQX5gSjpxxxb6oZ0\/view?usp=sharing\">aqu\u00ed<\/a>.<\/p>\n\n\n\n<figure class=\"wp-block-image size-full is-resized\"><img decoding=\"async\" loading=\"lazy\" src=\"https:\/\/iesbolivar-cba.infd.edu.ar\/sitio\/wp-content\/uploads\/2024\/07\/Recibidos-8-077-gpinque-gmail-com-Gmail.png\" alt=\"\" class=\"wp-image-4096\" width=\"380\" height=\"540\"\/><\/figure>\n\n\n\n<p><\/p>\n\n\n\n<h3 class=\"wp-block-heading\"><span style=\"color: #9ac980;\"><span style=\"color: #9ac980;\">Manual Institucional sobre&nbsp;G\u00e9neros Acad\u00e9micos Did\u00e1cticos<\/span><\/span><\/h3>\n\n\n\n<p>Publicaci\u00f3n que recopila trabajos producidos por los propios docentes del Instituto sobre los g\u00e9neros acad\u00e9micos m\u00e1s frecuentes solicitados en los espacios curriculares y pretende aunar y proporcionar un marco conceptual y metodol\u00f3gico com\u00fan para orientar su producci\u00f3n y elaboraci\u00f3n. Entre otros, incluye la descripci\u00f3n y definici\u00f3n del informe de lectura, el ensayo, el informe de pr\u00e1ctica docente, la autobiograf\u00eda escolar, etc.<\/p>\n\n\n\n<p>Para visualizar y descargar el Manual&nbsp;<a href=\"https:\/\/drive.google.com\/file\/d\/1hleoD2kRsmY0a8eFSWODxPAy7dxpLBmS\/view\" target=\"_blank\" rel=\"noreferrer noopener\">aqu\u00ed<\/a>.<\/p>\n\n\n\n<figure class=\"wp-block-image\"><img decoding=\"async\" src=\"https:\/\/ci6.googleusercontent.com\/proxy\/jnkkwMdiJ90rkzhTSWBWKECSyFvd7ALK5Qda7sPvILrw2ithKRuAag6eQQhpNiNKwYth8KgFZ5kvyIU72TCkdgjGR_cuAgvxB5qCgW2ADahuOdUlte_7Es0TE3_kIpSl2vkKQ90QsMhJgw=s0-d-e1-ft#https:\/\/iesbolivar-cba.infd.edu.ar\/aula\/archivos\/repositorio\/\/6500\/6585\/Publicacion.png\" alt=\"\"\/><\/figure>\n\n\n\n<h3 class=\"wp-block-heading\"><span style=\"color: #9ac980;\">Repositorio <\/span><br><span style=\"color: #9ac980;\"><span style=\"color: #9ac980;\">Trabajo finales de Metodolog\u00eda de la Investigaci\u00f3n Geogr\u00e1fica<\/span><br><\/span>Profesorado de Educaci\u00f3n Secundaria en Geograf\u00eda<\/h3>\n\n\n\n<p>Recopilaci\u00f3n de trabajos de investigaci\u00f3n llevados a cabo durante los a\u00f1os 2018, 2019, 2020 y 2021 en el espacio curricular de Metodolog\u00eda de la Investigaci\u00f3n Geogr\u00e1fica a cargo del Profesor H\u00e9ctor Baz\u00e1n.<\/p>\n\n\n\n<p><iframe loading=\"lazy\" src=\"https:\/\/drive.google.com\/file\/d\/10QqVxeya52sNHMuATnMly_TMgQO91pxb\/preview\" width=\"640\" height=\"480\"><\/p><\/iframe><\/p>\n\n\n\n<h3 class=\"wp-block-heading\"><span style=\"color: #808080;\"><br>Revista<br><\/span><span style=\"color: #9ac980;\">Geograf\u00eda, m\u00e9todos y lugares<\/span><\/h3>\n\n\n\n<p>Revista del Seminario de Metodolog\u00eda de la Investigaci\u00f3n&nbsp;Geogr\u00e1fica, del Profesorado de Educaci\u00f3n Secundaria en&nbsp;Geograf\u00eda, del IES Sim\u00f3n Bol\u00edvar (C\u00f3rdoba).&nbsp;ISSN: 2718- 630X.<br>Edici\u00f3n semestral. Publicaci\u00f3n de acceso libre.<\/p>\n\n\n\n<p><a rel=\"noreferrer noopener\" href=\"https:\/\/drive.google.com\/file\/d\/1niIhjntt4HQqK2LELrYlvk07e-AhleV8\/view?usp=sharing\" target=\"_blank\"><strong>A\u00f1o 1. Volumen 1<\/strong>. <strong>Julio de 2020.<\/strong><\/a><\/p>\n\n\n<div class=\"wp-block-image\">\n<figure class=\"alignleft\"><a href=\"https:\/\/drive.google.com\/file\/d\/1YwrtkQCCOfeRY0B1s5VD1bXGN8RO3Q0j\/view?usp=sharing\"><img decoding=\"async\" loading=\"lazy\" width=\"350\" height=\"497\" src=\"https:\/\/iesbolivar-cba.infd.edu.ar\/sitio\/wp-content\/uploads\/2020\/08\/Revista-Volumen-1-A\u00f1o-1-Julio-de-2020.png\" alt=\"\" class=\"wp-image-2496\"\/><\/a><\/figure><\/div>\n\n\n<p><\/p>\n\n\n\n<p><\/p>\n\n\n\n<p><\/p>\n\n\n\n<p><\/p>\n\n\n\n<p><\/p>\n\n\n\n<p><\/p>\n\n\n\n<p><\/p>\n\n\n\n<p><\/p>\n\n\n\n<p><\/p>\n\n\n\n<p><\/p>\n\n\n\n<p><\/p>\n\n\n\n<div style=\"height:34px\" aria-hidden=\"true\" class=\"wp-block-spacer\"><\/div>\n\n\n\n<p><a href=\"https:\/\/drive.google.com\/file\/d\/1nlnixq2irP8qjEZcu_3Aa7BcaRP3UTx8\/view?usp=sharing\" data-type=\"URL\" data-id=\"https:\/\/drive.google.com\/file\/d\/1nlnixq2irP8qjEZcu_3Aa7BcaRP3UTx8\/view?usp=sharing\" target=\"_blank\" rel=\"noreferrer noopener\"><strong>A\u00f1o 2. Volumen 1<\/strong>. <strong>Diciembre de 2021.<\/strong><\/a><\/p>\n\n\n\n<figure class=\"wp-block-image size-large is-resized\"><img decoding=\"async\" loading=\"lazy\" src=\"https:\/\/iesbolivar-cba.infd.edu.ar\/sitio\/wp-content\/uploads\/2022\/08\/2021-2.png\" alt=\"\" class=\"wp-image-3119\" width=\"348\" height=\"490\"\/><\/figure>\n\n\n\n<div class=\"wp-block-group is-layout-flow\"><div class=\"wp-block-group__inner-container\">\n<div class=\"wp-block-group is-layout-flow\"><div class=\"wp-block-group__inner-container\"><\/div><\/div>\n<\/div><\/div>\n\n\n\n<p><\/p>\n\n\n\n<p><\/p>\n\n\n\n<p><\/p>\n","protected":false},"excerpt":{"rendered":"<p>Im\u00e1genes y memoria. IntervenciLa Modalidad Combinada en la Formaci\u00f3n Docente: An\u00e1lisis de Contextos Dar\u00edo Mart\u00edn Genovese Instituto de Ense\u00f1anza Superior Sim\u00f3n Bol\u00edvar, C\u00f3rdoba, Argentina Para visualizar la publicaci\u00f3n presione aqu\u00ed. Im\u00e1genes y memoria. Intervenciones en el aula de nivel superior a partir de un recorrido por La Perla Art\u00edculo realizado por las profesoras Mar\u00eda Fernanda &#8230; <a title=\"Publicaciones\" class=\"read-more\" href=\"https:\/\/iesbolivar-cba.infd.edu.ar\/sitio\/publicaciones\/\" aria-label=\"More on Publicaciones\">[+]<\/a><\/p>\n","protected":false},"author":3377,"featured_media":0,"parent":0,"menu_order":0,"comment_status":"closed","ping_status":"closed","template":"","meta":[],"acf":[],"_links":{"self":[{"href":"https:\/\/iesbolivar-cba.infd.edu.ar\/sitio\/wp-json\/wp\/v2\/pages\/2466"}],"collection":[{"href":"https:\/\/iesbolivar-cba.infd.edu.ar\/sitio\/wp-json\/wp\/v2\/pages"}],"about":[{"href":"https:\/\/iesbolivar-cba.infd.edu.ar\/sitio\/wp-json\/wp\/v2\/types\/page"}],"author":[{"embeddable":true,"href":"https:\/\/iesbolivar-cba.infd.edu.ar\/sitio\/wp-json\/wp\/v2\/users\/3377"}],"replies":[{"embeddable":true,"href":"https:\/\/iesbolivar-cba.infd.edu.ar\/sitio\/wp-json\/wp\/v2\/comments?post=2466"}],"version-history":[{"count":72,"href":"https:\/\/iesbolivar-cba.infd.edu.ar\/sitio\/wp-json\/wp\/v2\/pages\/2466\/revisions"}],"predecessor-version":[{"id":4511,"href":"https:\/\/iesbolivar-cba.infd.edu.ar\/sitio\/wp-json\/wp\/v2\/pages\/2466\/revisions\/4511"}],"wp:attachment":[{"href":"https:\/\/iesbolivar-cba.infd.edu.ar\/sitio\/wp-json\/wp\/v2\/media?parent=2466"}],"curies":[{"name":"wp","href":"https:\/\/api.w.org\/{rel}","templated":true}]}}